what is 1 - -111331?
111332
In base 9, what is -15 - 35?
-51
In base 11, what is -710 + -1?
-711
In base 15, what is -3 - -14e?
14b
In base 5, what is 11 - -401?
412
In base 14, what is 5 - -118?
11d
In base 6, what is 40 + -44?
-4
In base 15, what is 0 + -12d?
-12d
In base 12, what is 53 + 5?
58
In base 15, what is 1 - 1a0?
-19e
In base 3, what is -11 + 21111?
21100
In base 15, what is -4 - -49?
45
In base 8, what is -1 + 21?
20
In base 8, what is -2 - -115?
113
In base 11, what is 12 - -50?
62
In base 15, what is d - -4?
12
In base 11, what is 102a6 - -5?
10300
In base 16, what is 15c - 4?
158
In base 3, what is 211 + 122?
1110
In base 12, what is 0 + a4?
a4
In base 13, what is -1a - 1?
-1b
In base 5, what is -12 - 1112?
-1124
In base 16, what is -3 + 44?
41
In base 6, what is 504 + -10?
454
In base 8, what is -5 - 62?
-67
In base 8, what is 11 + -46?
-35
In base 12, what is -116 - -5?
-111
In base 12, what is -1056 + -1?
-1057
In base 7, what is -11 - 0?
-11
In base 7, what is -5 + -66?
-104
In base 10, what is 4437 - 4?
4433
In base 8, what is 4 - 53?
-47
In base 16, what is -1a5 + -11?
-1b6
In base 13, what is 2 - 54?
-52
In base 15, what is 33 - -4?
37
In base 14, what is 1334 - 5?
132d
In base 6, what is 444 - -4?
452
In base 7, what is 24 + -352?
-325
In base 6, what is -5 + -11?
-20
In base 16, what is 1 + 14c?
14d
In base 3, what is -11202 + -110?
-12012
In base 15, what is -74 + 15?
-5e
In base 16, what is -5e5 + 5?
-5e0
In base 11, what is -5 - -229?
224
In base 12, what is -2 - 43a6?
-43a8
In base 10, what is -4 + 87?
83
In base 9, what is 663 - 20?
643
In base 7, what is 4 + 250?
254
In base 11, what is 18 - 6?
12
In base 15, what is -1e + 6?
-18
In base 6, what is -3254 - -1?
-3253
In base 4, what is 3 + 112?
121
In base 10, what is 1 - 117?
-116
In base 14, what is 5 - 2b0?
-2a9
In base 7, what is 315 - -4?
322
In base 2, what is 1011111110 - 11?
1011111011
In base 7, what is -5 + -16?
-24
In base 10, what is -2 - 1061?
-1063
In base 12, what is 4 - 458?
-454
In base 16, what is 18 - -2f?
47
In base 7, what is -106 - -1?
-105
In base 14, what is a - 3?
7
In base 15, what is -6 - -12?
b
In base 2, what is 10 - -10000010?
10000100
In base 10, what is 3281 + -3?
3278
In base 10, what is 144 + -6?
138
In base 15, what is 3a + 4?
3e
In base 4, what is -1222 + -1?
-1223
In base 15, what is -7 + -bb?
-c3
In base 9, what is -12633 + 4?
-12628
In base 12, what is -4 + a?
6
In base 7, what is 52 - -5?
60
In base 16, what is -5 - -14?
f
In base 2, what is 11010010100 - 100?
11010010000
In base 11, what is 0 + -33a?
-33a
In base 3, what is -1222 + 2?
-1220
In base 10, what is -8 + -10?
-18
In base 12, what is 25a + -2?
258
In base 4, what is -10 - -231?
221
In base 11, what is -4 + 35?
31
In base 8, what is 27622 - 2?
27620
In base 12, what is 27a6 + -2?
27a4
In base 10, what is 5 - -163?
168
In base 9, what is -481 + 5?
-475
In base 5, what is 32 + -1?
31
In base 13, what is 1b42 + 4?
1b46
In base 16, what is 5f - e?
51
In base 3, what is 22010 - 201?
21102
In base 4, what is -10 + -30001?
-30011
In base 10, what is -2 - 952?
-954
In base 4, what is -20 + 102?
22
In base 2, what is 101 + 110?
1011
In base 16, what is -2 + -9c4?
-9c6
In base 5, what is 421322 - 2?
421320
In base 2, what is -1000101 + 1111?
-110110
In base 15, what is 28 + 5?
2d
In base 14, what is -4 - -9a3?
99d
In base 10, what is 12 - 7?
5
In base 7, what is -312 - -1?
-311
In base 15, what is 92 - 6?
8b
In base 4, what is -30011 + 2?
-30003
In base 11, what is -3 - -114?
111
In base 12, what is 18 - 25?
-9
In base 16, what is -5 + -16?
-1b
In base 3, what is -21102 + -12?
-21121
In base 7, what is 114 + -1?
113
In base 4, what is 113 + 1?
120
In base 15, what is -4 - 86?
-8a
In base 2, what is 11111101011 - 1?
11111101010
In base 15, what is 8 + 55?
5d
In base 3, what is 122 - -1101?
2000
In base 6, what is -55 + -13?
-112
In base 12, what is 3 + -242?
-23b
In base 12, what is -45 + 25?
-20
In base 10, what is 5 + 626?
631
In base 10, what is 0 + -254?
-254
In base 2, what is 0 + 1101011100?
1101011100
In base 5, what is 111 + 13?
124
In base 7, what is -31 - 105?
-136
In base 16, what is -575 - -4?
-571
In base 7, what is -2143 + -13?
-2156
In base 10, what is 5 - -824?
829
In base 2, what is 1100010 - -111?
1101001
In base 12, what is -15 + -49?
-62
In base 4, what is 13 - -122?
201
In base 15, what is 5 + 6?
b
In base 11, what is 1094 - 3?
1091
In base 12, what is 532 + 3?
535
In base 6, what is -124 - -5?
-115
In base 7, what is 300 - 0?
300
In base 16, what is -4 - -87?
83
In base 13, what is -343 + 4?
-33c
In base 5, what is 14124 + 10?
14134
In base 14, what is ad - 6?
a7
In base 2, what is -100 + -10000?
-10100
In base 4, what is -112 - -10?
-102
In base 9, what is -2022 + -2?
-2024
In base 11, what is -5 - -3a6?
3a1
In base 10, what is 0 + -331?
-331
In base 14, what is -41 - -2?
-3d
In base 9, what is 233 - 3?
230
In base 5, what is 1121432 - 2?
1121430
In base 6, what is 45 + 14?
103
In base 9, what is 2238 - 5?
2233
In base 8, what is -1747 - -4?
-1743
In base 14, what is 2a4 - -12?
2b6
In base 15, what is -d - -11?
3
In base 3, what is 10201 + -221?
2210
In base 3, what is -110211 - 0?
-110211
In base 16, what is -2e30 - -1?
-2e2f
In base 5, what is -2131 + 13?
-2113
In base 12, what is 171 - 4?
169
In base 10, what is -595 + -2?
-597
In base 15, what is -3 - -55?
52
In base 6, what is 120 + -23?
53
In base 4, what is -1 + -100?
-101
In base 14, what is 34 + -132?
-dc
In base 15, what is 3 - -173?
176
In base 5, what is -4421 - -1?
-4420
In base 4, what is 213 + -3310?
-3031
In base 13, what is -316 - -5?
-311
In base 12, what is 12 + -28?
-16
In base 12, what is -50 - -6b?
1b
In base 5, what is 3011 + 13?
3024
In base 12, what is -8b90 - 3?
-8b93
In base 15, what is 3 - -149?
14c
In base 15, what is -10 - 0?
-10
In base 14, what is -16 - 3?
-19
In base 9, what is 3173 + -1?
3172
In base 4, what is 1 + -30110?
-30103
In base 6, what is 0 + 1210?
1210
In base 16, what is -f + 11?
2
In base 3, what is 220 - -11?
1001
In base 14, what is 0 + d?
d
In base 10, what is 42 + 245?
287
In base 10, what is -155 - 0?
-155
In base 5, what is 142042 - -2?
142044
In base 9, what is 7 + 8?
16
In base 12, what is a4 + 74?
158
In base 13, what is 8 + -cb?
-c3
In base 11, what is 8 - 123?
-116
In base 11, what is 15 - -18?
32
In base 9, what is -5 + 147?
142
In base 5, what is 12 + 1214?
1231
In base 14, what is 0 - -443?
443
In base 12, what is -2 - 117?
-119
In base 8, what is 17034 - 2?
17032
In base 12, what is b + 2b1?
300
In base 6, what is 3 + 5515?
5522
In base 2, what is 1110101 - -10?
1110111
In base 14, what is 1274 + -5?
126d
In base 2, what is -110 + 11010110?
11010000
In base 12, what is b83 - -2?
b85
In base 7, what is 10116 - 4?
10112
In base 2, what is -101001 + -1000?
-110001
In base 10, what is 5 - 5115?
-5110
In base 2, what is -1011 - 10?
-1101
In base 10, what is -563 + -2?
-565
In base 7, what is -14 + -104?
-121
In base 16, what is -de - -b?
-d3
In base 13, what is -96 + -2?
-98
In base 8, what is -42 + -22?
-64
In base 13, what is -c31 + 0?
-c31
In base 15, what is 1 + 4c2?
4c3
In base 16, what is -a + b7?
ad
In base 6, what is -412 - 30?
-442
In base 13, what is -6 - -55?
4c
In base 13, what is 69a + 4?
6a1
In base 5, what is -2004 + -1?
-2010
In base 7, what is 312 - 3?
306
In base 14, what is 0 + 0?
0
In base 16, what is 7 + -38?
-31
In base 10, what is 4 - 7?
-3
In base 10, what is -16 + -20?
-36
In base 4, what is -211 + 0?
-211
In base 5, what is 34131 - -10?
34141
In base 14, what is 2 + -28?
-26
In base 6, what is -1203 + -5?
-1212
In base 2, what is -1111010011 + -10?
-1111010101
In base 5, what is 4 + -102?
-43
In base 2, what is 10011010100 + 1?
10011010101
In base 16, what is e + 9?
17
In base 5, what is 1 + -213?
-212
In base 11, what is -4 + -7667?
-7670
In base 15, what is -8e + -23?
-b2
In base 7, what is -5 + -4?
-12
In base 6, what is -533 - 4?
-541
In base 10, what is -1 - 53?
-54
In base 15, what is 66 - -5?
6b
In base 6, what is -11305 + 5?
-11300
In base 8, what is 0 - 5?
-5
In base 15, what is 5e - 17?
47
In base 11, what is -6 - -413?
408
In base 10, what is 2 - -10?
12
In base 3, what is -10 + 1000?
220
In base 7, what i